7595 - 17649. What is the highest common divisor of l and 657?
9
Suppose 160 + 60 = 5*v. Let y = 159 + -155. Suppose -3*r + 30 = 3*d, y*d + 0*r = -r + 34. What is the greatest common divisor of d and v?
4
Let k(f) = -2*f - 5. Let q be k(3). Let r be (1 + 5)*11/(q/(-15)). Let x be 2*(-35)/14 - -41. What is the highest common factor of r and x?
18
Suppose 283 = 4*b - y, 783*b = 778*b - 4*y + 338. What is the greatest common factor of b and 41825?
35
Let j be (-13)/(-5) - 2 - (-2292)/30. Suppose 120 = j*n - 73*n. What is the greatest common divisor of n and 6?
6
Let o be -1 + 701/13 + (-258)/(-3354). What is the highest common divisor of 6 and o?
1
Suppose 0 = 3*a + 13 - 58. Let h be 19/((-19)/1)*-135. Calculate the greatest common factor of h and a.
15
Let a(m) = m**3 - 17*m**2 - 70*m + 124. Let u be a(21). What is the highest common divisor of 608 and u?
38
Suppose 184 + 484 = 172*w - 1396. Calculate the greatest common divisor of w and 4512.
12
Let c be ((-3512)/(-16) - 6)*8. What is the greatest common divisor of 84 and c?
28
Suppose -221*u + 224*u - 243 = 0. Let a = u - 49. Calculate the highest common divisor of a and 416.
32
Suppose 5480 = -185*t + 84290. What is the highest common divisor of 10011 and t?
213
Let a be 44/10 + (40/(-50))/2. Suppose a*s + 132 = 16*s. What is the highest common factor of 11 and s?
11
Suppose 0 = -2*v + 151 + 285. Suppose 486 + v = 22*z. Calculate the highest common factor of z and 88.
8
Suppose -16*y + 771 = -45. Let s(a) = -2*a + 4. Let d be s(2). Suppose 5*o - 116 + 31 = d. Calculate the greatest common factor of o and y.
17
Suppose -55*b - 31*b + 9280 = -6*b. Calculate the greatest common factor of b and 1798.
58
Suppose 5*z + 35 = 0, -18*q - 4*z = -16*q - 88. Let t(u) = -63*u. Let i be t(-1). Let s = i + -34. What is the greatest common divisor of s and q?
29
Let k(f) = f**2 - 4*f - 4. Let o(t) = -3*t + 40. Let p be o(14). Let u be k(p). Calculate the greatest common divisor of 92 and u.
4
Let q be 0*(-1 + (-21)/(-28)). Suppose q = -5*r - 5*k + 20, 3*k + 55 = -5*r + 79. What is the greatest common factor of r and 15?
3
Let s(n) = -n**3 + 3*n**2 + 2. Let b be s(-4). Calculate the highest common factor of 494 and b.
38
Let b(t) = t**2 + 18*t + 72. Let z be b(-14). Calculate the greatest common factor of z and 244.
4
Let u = 225 - 134. Let q = u - 53. Calculate the highest common divisor of q and 342.
38
Suppose 4*h + 2*j = 32, 0*h + 5*h + j = 34. Suppose -h*t = -0*t - 240. Let y = -18 - -34. What is the highest common divisor of y and t?
8
Suppose 0 = -5*b + 5*g + 3755, -562 = -3*b + 2*b - 20*g. Calculate the highest common factor of b and 1908.
106
Let j(z) = 6443*z**2 + 166*z - 1. Let s be j(1). Calculate the greatest common factor of 336 and s.
112
Let g = -11217 - -11919. What is the greatest common factor of 1794 and g?
78
Suppose 2*c - 67906 = -4*g, -63*g - c - 33951 = -65*g. What is the greatest common divisor of g and 64?
16
Let k be (585/20)/((-6)/(-16)) - 7. What is the greatest common factor of k and 3?
1
Let u(i) = -i**2 - 2*i + 6. Let t be u(0). Suppose 99 + 9 = t*m. Let l = -2 + m. Calculate the highest common divisor of l and 144.
16
Let u be 4/(-8)*10 + -1 + 4 - -14. Calculate the greatest common factor of 134 and u.
2
Suppose -3*q - 299 = -o, o = -4*q + 6*q + 200. Let h = q - -129. Suppose 4*v = 570 - h. What is the highest common factor of 15 and v?
15
Let h = -9623 - -12923. What is the greatest common factor of h and 66?
66
Suppose 41*i = 72*i - 1116. What is the highest common factor of 996 and i?
12
Let q be (22/(-4))/(17/(-1190)). Calculate the highest common divisor of 105 and q.
35
Let v(r) = 13*r - 33. Let i(w) = -4. Let m(d) = -5*i(d) + v(d). Let f be m(22). What is the greatest common divisor of f and 13?
13
Suppose -105 = 6*c - 11*c. Suppose -c*o = -16*o - 130. What is the greatest common divisor of 117 and o?
13
Suppose 4*h = -2*h + 192. Let g = 474 - 450. Calculate the greatest common factor of g and h.
8
Suppose 3*c = 5*w + 72, -5*c = 7*w - 4*w - 120. What is the highest common factor of 87 and c?
3
Suppose 5*s - 45283 = -12*g, -2*s + 4*g + 5787 + 12291 = 0. What is the highest common divisor of s and 109?
109
Let z = -5379 + 5519. What is the highest common divisor of z and 400?
20
Let z(u) = -2*u + 14. Let p be z(14). Let i be p*(50*(-3)/42 - -1). Let d be i + -22 - (-10)/2. Calculate the highest common factor of d and 95.
19
Let c = 3184 - 3227. Let t(m) = -3*m**3 + 4*m**2 - m + 3. Let r be t(3). Let l = c - r. What is the highest common factor of 2 and l?
2
Suppose 2*b = -8 + 2. Let n be (b - 39/(-6))*(0 - -10). Suppose -4*q + 141 = -n. Calculate the greatest common factor of 22 and q.
22
Suppose 10*f + f - 3*f = 0. Suppose -3*c + p + 134 = -573, -5*c - p + 1165 = f. Calculate the greatest common factor of 18 and c.
18
Let c(h) = -h - 4. Suppose -48 - 42 = 5*s. Let o be c(s). Let n = -135 - -149. What is the greatest common factor of n and o?
14
Suppose -10*n + 378 = 7*n + 293. Suppose 0 = -4*j + 5*d + 1350, 1660 - 318 = 4*j - d. Calculate the highest common factor of n and j.
5
Let v(q) = 2*q**2 - q - 1. Suppose 2*p = -11*p - 26. Let m be v(p). Calculate the greatest common factor of m and 261.
9
Suppose 2*d = 4*j - 16, 4*j - 3*d + 1 = 17. Suppose -5*q - j*u + 28 = -2*u, q = 5*u + 11. Calculate the highest common divisor of 8 and q.
2
Let u be 1 - 38/36 - 2980816/(-288). What is the greatest common divisor of 90 and u?
90
Suppose 4*u - 2*u - 22 = 0. Let m(z) = z**3 - 10*z**2 - 7*z - 5. Let x be m(u). Let g be 18*(-3 + x/9). What is the highest common factor of 18 and g?
6
Let i = 8 + 4. Let w(a) = a + 4. Let r be w(-1). Let t be r*2/((-18)/(-3) + -4). Calculate the greatest common factor of t and i.
3
Let b be (((-504)/20)/(-3))/(27/360). What is the greatest common factor of 3024 and b?
112
Suppose t = -2*u + 21, 2*t - 6*t + 5*u = -45. Let o be (-1 - -4) + 2 + (-7 - -2). Suppose 5*q + 29 - 54 = o. What is the highest common divisor of q and t?
5
Let n(g) = -g + 14. Let t be n(10). Let w = 5 - t. Let s = 14683 + -14680. What is the highest common divisor of s and w?
1
Suppose 5*f + 265 = 290. Let w(q) = -q**3 - 6*q**2 - 4*q + 7. Let b be w(-5). Let u be (b - -14) + (6 - f). What is the highest common divisor of 289 and u?
17
Let y be (8836/94)/(3/12). What is the highest common divisor of 188 and y?
188
Let o(x) be the third derivative of -x**4/6 - 17*x**3/3 - 5*x**2 + 75. Suppose 3*q + 29 = -10. Let m be o(q). Calculate the highest common factor of m and 81.
9
Suppose 3*w - 2165 = 391. Let h(f) = f**3 + 74*f**2 + 114*f + 3005. Let j be h(-73). What is the greatest common factor of w and j?
12
Let g(j) = -16*j + 14. Let f be g(-1). Let x be ((-24)/4)/2 - -8. Suppose x*l - 67 = -17. Calculate the greatest common factor of l and f.
10
Let u be (-24)/112*-2 - 64/(-14). Suppose 5*g = 2*h - 47, u*h - g - 87 - 65 = 0. What is the highest common factor of h and 31?
31
Suppose -2*v + 18 = -b, -42 = 94*v - 99*v + 3*b. What is the greatest common divisor of 6924 and v?
12
Let c(d) = 18*d + 1221. Let a be c(-34). Calculate the greatest common divisor of 87 and a.
87
Let s(j) = 30*j + 6. Let y be s(7). Suppose 0*k - 4*x = 4*k + 16, 0 = 2*x + 10. Let b be (3/(-12) + 1)/(k/32). Calculate the highest common factor of b and y.
24
Let m = -2220 - -2695. Calculate the greatest common divisor of 209 and m.
19
Let b be -16*18/(-8)*168/18. What is the highest common divisor of 2436 and b?
84
Let r(j) = 2*j**3 - 20*j**2 + j - 3. Let g be r(10). Suppose 280 = -g*a + 12*a. Calculate the highest common divisor of 84 and a.
28
Let z = 1077 + -886. Calculate the greatest common divisor of 573 and z.
191
Let o = 43 - 17. Let i = -32 + o. Let n(m) = -12*m - 16. Let u be n(i). What is the highest common divisor of 7 and u?
7
Suppose 4*p = -4*t - t + 1027, -5*t + 1009 = -2*p. Suppose g = -x + 262, 1436*x = 1439*x + 4*g - 787. What is the highest common divisor of t and x?
29
Let j(h) = 5*h**3 - 3*h**2 - 2*h - 1. Let s be j(-2). Suppose 27*v - 2023 - 110 = 0. Let o = s + v. Calculate the greatest common divisor of o and 45.
15
Let t be (1272/954)/(2/6). Let v(h) = -h**3 - 3*h**2 + h - 3. Let a be v(-3). Let c = -3 - a. Calculate the greatest common factor of t and c.
1
Suppose -2*c + 71 = -29. Let